
5
Suppose -2*v + 44 = -3*h, -6*v = -h - 4*v - 12. Let r = h + 34. What are the prime factors of r?
2, 3
Suppose -2*o - q = 0, 5*o - 7*o + q - 4 = 0. Let w be o*7*(-4)/14. Suppose -19 = -0*k - k + 3*v, -k + w*v = -15. What are the prime factors of k?
7
Suppose -3*x = -3*z + x + 35, -5*x - 50 = -5*z. Suppose z*n = 4*q - 35, 3*q + 3*n - 27 = 6*n. List the prime factors of q.
2, 5
Let w = 17 - 9. Let p(f) = -f**2 + 9*f + 1. Let o be p(w). Let k(j) = j**3 - 9*j**2 + j. What are the prime factors of k(o)?
3
What are the prime factors of (18/4 + -2)*6?
3, 5
Let y(c) = -c**2 - 2*c + 3. Let n be y(-3). Suppose b + n*b = 9. List the prime factors of b.
3
Let q(o) = o**3 - 8*o**2 + o - 8. Let s be q(8). List the prime factors of 2*2 + s + 1.
5
Let l(x) = x**2 - 5*x + 1. Let y be l(5). Let v = 1 - y. Suppose -4*z - 6 - 10 = -4*h, 4*z - 12 = v. What are the prime factors of h?
7
Let a(r) = 21*r - 2. List the prime factors of a(3).
61
Let c be 4/(-10) - 1268/(-20). Suppose 5*h = c - 8. Let b = 24 - h. List the prime factors of b.
13
List the prime factors of -3 + 1/((-1)/(-27)).
2, 3
Let p(i) = 3*i**3 - i**2. Let l be p(1). Let y(d) = d + 5*d + d**3 + 0*d - 1 - 5*d**l - 3*d. List the prime factors of y(5).
2, 7
Let w(x) = -x + 1. Let b = 13 - 21. What are the prime factors of w(b)?
3
Let r be (-79)/9 + 16/(-72). Let q = r + 11. Suppose 62 = 4*l - f, 4*f + 40 = q*l - f. List the prime factors of l.
3, 5
Suppose z = t + 3, 0 = 2*t + 4*z - 3 - 9. Suppose -o = 3*k + 5, 3 = -k - t. What are the prime factors of o?
2
Let n(j) = 5*j - 10. Suppose 5*p + 5*m - 55 = 0, -2*p - 4*m = -p - 20. List the prime factors of n(p).
2, 3, 5
Let j be 22*3 - 2/1. Suppose 5*x - j - 7 = -2*f, 4*f = -2*x + 38. What are the prime factors of x?
13
Suppose 20 = 3*q + 5. List the prime factors of (4 - 2)/(2/q).
5
Suppose -4*n = -7*n + 189. List the prime factors of n.
3, 7
Let i(a) = -2*a - 8. Let b be i(-6). Suppose -n - 3*z = -16, b*n - 3*z + 8*z = 43. List the prime factors of n.
7
Let t(x) = -x**2 + x - 1. Let z(f) = 3*f**2 - 9*f + 6. Let d(v) = -4*t(v) - z(v). Let c be d(-6). Let i = c + 1. List the prime factors of i.
5
Suppose 3*u - 2 = 2*q, 0*q = 3*q + 5*u - 16. Suppose -s + 5*l = 13 - 64, q*s = -l + 80. List the prime factors of s.
41
Let b = 51 - 23. What are the prime factors of b?
2, 7
Let b(i) = -14 - 2*i - 3*i - 4*i + 4*i. List the prime factors of b(-10).
2, 3
Suppose 5*n = 3*q + 16 + 22, 2*q - 4*n = -28. Let h = q + 10. List the prime factors of (-328)/(-20) - h/10.
2
Let v(w) = w**3 - 7*w**2 + 5*w + 3. Let l be v(6). Let j(h) = -4*h + 6. Let k be j(5). What are the prime factors of (-2 + k/l)*3?
2
Let a = -6 - -11. List the prime factors of -1 + (-1 - -3) + a.
2, 3
Suppose 20 - 128 = -3*g - q, -89 = -2*g + 5*q. List the prime factors of g.
37
Let i = -17 + 10. Let p(q) = -8 + q**2 - 2 + 1 + 5*q. What are the prime factors of p(i)?
5
Suppose 0 = 4*c + 5*x - 428, -2*c + 5*x + 279 = 65. What are the prime factors of c?
107
Suppose -5*f + 14 = 5*k - 6, -2*k = 3*f - 9. Let w be f/((-3)/(-9)) - 0. Suppose -5*o = p - 55, p + w*p - 50 = -3*o. What are the prime factors of o?
2, 5
Let b be (-4)/(-18) - 620/(-45). What are the prime factors of (12/b)/(2/56)?
2, 3
Let i(x) be the second derivative of x**4/12 - 2*x**3/3 - x**2 + 4*x. What are the prime factors of i(5)?
3
Let x = 231 + -161. What are the prime factors of x?
2, 5, 7
Let b = 9 - -2. What are the prime factors of -1 - 2 - (3 - b)?
5
Suppose 0*x - 274 = -3*x + t, 0 = 3*x - 2*t - 275. What are the prime factors of x?
7, 13
Suppose -5*p = -2*o - 72, -3*p - 4*o + 56 = -2*o. Let m be (-1)/(1 - 2) + -9. Let b = p + m. What are the prime factors of b?
2
Let c be 3/((0 - 1) + 2). Let z be (8/(c - 2))/1. Let g = z + -4. List the prime factors of g.
2
Let v = 19 + 31. List the prime factors of v.
2, 5
Let h(s) = -s**2 + 4*s + 5. Let y(b) = -2*b**2 + 3*b + 4. Let p(i) = 3*h(i) - 2*y(i). List the prime factors of p(-6).
7
Let y = -88 - -161. List the prime factors of y.
73
Let x = -11 - -11. Suppose -4*d + 54 - 10 = x. List the prime factors of d.
11
Let d be 36 + -2 - (-5 + 3). Suppose 8 + d = 4*f. List the prime factors of f.
11
Let t(l) = -6 - l**2 - 2*l + 2*l**3 - 4*l**2 - 3*l**3. Let u be t(-5). Suppose -u*k + 0*k = -28. List the prime factors of k.
7
List the prime factors of (-8 - -2) + 113 + -6.
101
Let w = 40 - -1. List the prime factors of w.
41
Suppose -126 = -2*h - 0*h. List the prime factors of h.
3, 7
Let i = 100 + -57. Suppose 5*l = l + 2*z + 60, 3*l - z = i. What are the prime factors of l?
13
Let t = -15 - -20. Suppose 3*i - 187 = -5*q, 0*q = -q + t*i + 43. What are the prime factors of q?
2, 19
Let v = -354 + 512. List the prime factors of v.
2, 79
Let w be 25/2 + (-8)/16. List the prime factors of 150/4 - w/(-24).
2, 19
Let k(m) = -6*m**3 - 2*m**2 + m - 1. Suppose 0 = p + 6 - 4. Let n be k(p). Let w = n + -25. What are the prime factors of w?
2, 3
Suppose 3*w + 100 = -2*b + w, 3*b + 166 = w. Let n = -36 - b. What are the prime factors of n?
2, 3
Let o = 22 - -31. What are the prime factors of o?
53
Let a(i) = 5*i**2 + i + 1. Let p be a(-1). Suppose 0 = 5*f - 2*b - 20, f + 33 = p*f - 5*b. List the prime factors of f.
2
Let f(b) = 2*b**2 - b + 1. Let p be f(1). Suppose 4*k = 2*a - 5*a + 77, p*a - 98 = -5*k. List the prime factors of k.
2, 5
Suppose r - 4*r + 15 = -5*i, 5*r - 9 = 3*i. Let b = i - 1. List the prime factors of (b/(-5))/((-4)/(-20)).
2
Suppose 0 = -3*d - d - 16. Let j be 6/8 - 145/(-20). Let b = d + j. What are the prime factors of b?
2
Let f be (-54)/(-10) - (-4)/(-10). Let n(r) = r**3 - 6 - 3*r**2 - 8 + 16 - 6*r. List the prime factors of n(f).
2, 11
Suppose -2*y - 3*c + 12 - 2 = 0, -4*c = 5*y - 25. Let t(l) = l + l - 7 - l + l. What are the prime factors of t(y)?
3
Suppose 6*a = 4*a + 28. What are the prime factors of a?
2, 7
Suppose 3*a - 10 = a. Suppose 1 + a = -3*x - 2*v, v + 3 = 3*x. Suppose h - 23 = 4*y - 8*y, x = 3*y - 4*h - 22. List the prime factors of y.
2, 3
Suppose 4*l - 11 = 5*l. Let t be l/4 - 2/8. Let g = t + 5. What are the prime factors of g?
2
Suppose 0 = 3*z - 2*s - 0*s - 31, -4*s - 7 = -z. Let q = 27 - z. What are the prime factors of q?
2
Let c(q) = q**2 - 7*q + 2. Let x be ((-1)/3)/(7/(-168)). List the prime factors of c(x).
2, 5
Let k = 6 + 6. Let d(x) = -14*x**2 + x. Let y be d(-1). List the prime factors of (-4)/(k/y) + -2.
3
Let k(c) be the second derivative of -c**5/20 - c**4/6 - c**3/6 + c**2 - 4*c. List the prime factors of k(-2).
2
Let z(b) = b**3 - 24*b**2 + 6*b + 32. What are the prime factors of z(24)?
2, 11
Let t(u) = -u**2 + 2*u**2 - 7*u + 0*u**2 + u**2 + 7. List the prime factors of t(5).
2, 11
List the prime factors of 6/15*90/3.
2, 3
Let k(a) = -3*a**3 - 2*a**2 + a - 2. Let u be (-7)/4 + 1/(-4). List the prime factors of k(u).
2, 3
Let n be 257 - (1 - -1)/2. Let i be n/(-18) + (-4)/(-18). Let a = i + 27. What are the prime factors of a?
13
Let t(c) = -c**3 - c**2 + 2*c - 3. What are the prime factors of t(-4)?
37
Let q(i) = 5*i**2 + i. Let d be q(-2). List the prime factors of (-94)/(-18) + (-4)/d.
5
What are the prime factors of 40/1 - 1*-1?
41
Let q = 27 - 19. Suppose -5*u + q = -4*u. List the prime factors of u.
2
Let t(u) = -1 + 1 + 2 - u. Let d be t(0). Suppose d + 0 = z. List the prime factors of z.
2
Suppose -f = 4*c, -75 = -5*f + 2*c + 3*c. Let b = -4 + f. List the prime factors of b.
2
Suppose 0 = 5*u - 20 - 10. Let r be (u + 2)/(6/21). Suppose 5*n + 3 = r. What are the prime factors of n?
5
Let u(v) = -v**3 - 5*v**2 + 7*v. Let c be u(-6). Let w = -9 + c. What are the prime factors of w*((-7)/3 + 2)?
5
Let j = 72 - 112. Let g = 65 + j. What are the prime factors of g?
5
Suppose 5*a + 14 = -76. What are the prime factors of 405/a*4/(-3)?
2, 3, 5
Suppose 5*b - 2*u + 64 = -3*u, 4*b = u - 44. Let n = b + 19. What are the prime factors of n?
7
Let r = -8 - -15. Suppose 9 = -4*b + 5*h, 0 = -4*b + 2*h - 1 + r. What are the prime factors of b?
2
Let c be 6 - (0 - 2)/(-1). Suppose 0*w = -c*w + 52. List the prime factors of w.
13
Let o(l) = -l**2 + 3*l - 4. Let b be o(3). Let s = 6 + b. Let w = 7 + s. What are the prime factors of w?
3
Suppose -z - 4*g = -10, -3*z - 4*g = -9 - 5. Suppose -z*m - 35 = -4*i - 3*m, 5*m = -5. List the prime factors of i.
3
Let w